e the prime factors of 7325?
5, 293
What are the prime factors of 2021?
43, 47
What are the prime factors of 349?
349
What are the prime factors of 29119?
37, 787
What are the prime factors of 896?
2, 7
List the prime factors of 3817.
11, 347
List the prime factors of 11610.
2, 3, 5, 43
What are the prime factors of 5028?
2, 3, 419
What are the prime factors of 400?
2, 5
List the prime factors of 1031.
1031
List the prime factors of 13650.
2, 3, 5, 7, 13
What are the prime factors of 17711?
89, 199
List the prime factors of 98281.
29, 3389
What are the prime factors of 214?
2, 107
List the prime factors of 1117.
1117
What are the prime factors of 134583?
3, 113, 397
What are the prime factors of 39428?
2, 9857
List the prime factors of 10776.
2, 3, 449
What are the prime factors of 10645?
5, 2129
What are the prime factors of 82?
2, 41
List the prime factors of 3404.
2, 23, 37
What are the prime factors of 304?
2, 19
What are the prime factors of 825?
3, 5, 11
List the prime factors of 3723.
3, 17, 73
List the prime factors of 4765.
5, 953
List the prime factors of 23397.
3, 11, 709
What are the prime factors of 28642?
2, 14321
What are the prime factors of 16438?
2, 8219
What are the prime factors of 3922?
2, 37, 53
List the prime factors of 326.
2, 163
List the prime factors of 4496.
2, 281
List the prime factors of 1105.
5, 13, 17
List the prime factors of 3281.
17, 193
List the prime factors of 6802.
2, 19, 179
List the prime factors of 39669.
3, 7, 1889
What are the prime factors of 16806?
2, 3, 2801
What are the prime factors of 22482?
2, 3, 1249
List the prime factors of 684.
2, 3, 19
List the prime factors of 2051.
7, 293
List the prime factors of 35177.
29, 1213
List the prime factors of 835.
5, 167
List the prime factors of 1179.
3, 131
What are the prime factors of 1531?
1531
What are the prime factors of 75962?
2, 19, 1999
What are the prime factors of 11397?
3, 29, 131
List the prime factors of 3670.
2, 5, 367
List the prime factors of 63145.
5, 73, 173
What are the prime factors of 1952?
2, 61
What are the prime factors of 101294?
2, 50647
What are the prime factors of 8426?
2, 11, 383
What are the prime factors of 5151?
3, 17, 101
What are the prime factors of 15883?
7, 2269
List the prime factors of 1081.
23, 47
List the prime factors of 64300.
2, 5, 643
List the prime factors of 3336.
2, 3, 139
What are the prime factors of 13144?
2, 31, 53
List the prime factors of 36022.
2, 7, 31, 83
What are the prime factors of 25262?
2, 17, 743
List the prime factors of 32.
2
What are the prime factors of 352?
2, 11
What are the prime factors of 3075?
3, 5, 41
List the prime factors of 1004.
2, 251
List the prime factors of 81237.
3, 13, 2083
What are the prime factors of 10355?
5, 19, 109
What are the prime factors of 12488?
2, 7, 223
What are the prime factors of 77473?
11, 7043
What are the prime factors of 19776?
2, 3, 103
List the prime factors of 5081.
5081
What are the prime factors of 3889?
3889
What are the prime factors of 27428?
2, 6857
List the prime factors of 1525.
5, 61
List the prime factors of 94610.
2, 5, 9461
What are the prime factors of 18402?
2, 3, 3067
List the prime factors of 1104.
2, 3, 23
List the prime factors of 47280.
2, 3, 5, 197
List the prime factors of 8486.
2, 4243
List the prime factors of 783.
3, 29
What are the prime factors of 13538?
2, 7, 967
What are the prime factors of 66072?
2, 3, 2753
List the prime factors of 7829.
7829
List the prime factors of 4138.
2, 2069
List the prime factors of 2061.
3, 229
What are the prime factors of 80859?
3, 26953
List the prime factors of 49818.
2, 3, 19, 23
What are the prime factors of 17418?
2, 3, 2903
List the prime factors of 4558.
2, 43, 53
List the prime factors of 924.
2, 3, 7, 11
What are the prime factors of 37647?
3, 47, 89
What are the prime factors of 50?
2, 5
What are the prime factors of 28652?
2, 13, 19, 29
What are the prime factors of 19111?
29, 659
List the prime factors of 63737.
63737
What are the prime factors of 3828?
2, 3, 11, 29
What are the prime factors of 10729?
10729
List the prime factors of 315.
3, 5, 7
What are the prime factors of 5329?
73
What are the prime factors of 3720?
2, 3, 5, 31
List the prime factors of 2943.
3, 109
List the prime factors of 13517.
7, 1931
List the prime factors of 64883.
7, 13, 23, 31
What are the prime factors of 1569?
3, 523
What are the prime factors of 131625?
3, 5, 13
What are the prime factors of 1534?
2, 13, 59
What are the prime factors of 2284?
2, 571
List the prime factors of 15376.
2, 31
What are the prime factors of 1948?
2, 487
What are the prime factors of 17717?
7, 2531
List the prime factors of 278.
2, 139
List the prime factors of 37104.
2, 3, 773
What are the prime factors of 2622?
2, 3, 19, 23
List the prime factors of 5456.
2, 11, 31
What are the prime factors of 536?
2, 67
What are the prime factors of 18216?
2, 3, 11, 23
List the prime factors of 38445.
3, 5, 11, 233
What are the prime factors of 6772?
2, 1693
List the prime factors of 89022.
2, 3, 37, 401
What are the prime factors of 2624?
2, 41
List the prime factors of 14650.
2, 5, 293
List the prime factors of 4305.
3, 5, 7, 41
List the prime factors of 120663.
3, 41, 109
List the prime factors of 2954.
2, 7, 211
What are the prime factors of 4275?
3, 5, 19
List the prime factors of 642.
2, 3, 107
List the prime factors of 2097.
3, 233
What are the prime factors of 90?
2, 3, 5
List the prime factors of 8524.
2, 2131
What are the prime factors of 1999?
1999
List the prime factors of 25408.
2, 397
List the prime factors of 4.
2
List the prime factors of 2582.
2, 1291
List the prime factors of 922.
2, 461
List the prime factors of 647.
647
What are the prime factors of 54949?
54949
What are the prime factors of 53432?
2, 6679
What are the prime factors of 1685?
5, 337
List the prime factors of 160626.
2, 3, 19, 1409
List the prime factors of 9559.
11, 79
What are the prime factors of 3044?
2, 761
What are the prime factors of 181572?
2, 3, 15131
What are the prime factors of 28760?
2, 5, 719
List the prime factors of 2094.
2, 3, 349
What are the prime factors of 2166?
2, 3, 19
List the prime factors of 10361.
13, 797
List the prime factors of 1324.
2, 331
List the prime factors of 1145.
5, 229
What are the prime factors of 5122?
2, 13, 197
List the prime factors of 4815.
3, 5, 107
List the prime factors of 21789.
3, 269
List the prime factors of 543.
3, 181
List the prime factors of 231.
3, 7, 11
List the prime factors of 17255.
5, 7, 17, 29
List the prime factors of 12459.
3, 4153
What are the prime factors of 3507?
3, 7, 167
List the prime factors of 229.
229
What are the prime factors of 10022?
2, 5011
List the prime factors of 1552.
2, 97
List the prime factors of 852.
2, 3, 71
List the prime factors of 6510.
2, 3, 5, 7, 31
List the prime factors of 51460.
2, 5, 31, 83
List the prime factors of 3911.
3911
What are the prime factors of 2388?
2, 3, 199
What are the prime factors of 26225?
5, 1049
List the prime factors of 26470.
2, 5, 2647
What are the prime factors of 1659?
3, 7, 79
What are the prime factors of 1869?
3, 7, 89
What are the prime factors of 2039?
2039
List the prime factors of 23704.
2, 2963
List the prime factors of 741.
3, 13, 19
List the prime factors of 87447.
3, 103, 283
List the prime factors of 14099.
23, 613
List the prime factors of 14553.
3, 7, 11
What are the prime factors of 11066?
2, 11, 503
List the prime factors of 113648.
2, 7103
List the prime factors of 115948.
2, 7, 41, 101
List the prime factors of 38744.
2, 29, 167
What are the prime factors of 76377?
3, 7, 3637
What are the prime factors of 31814?
2, 15907
List the prime factors of 169425.
3, 5, 251
What are the prime factors of 36772?
2, 29, 317
What are the prime factors of 109716?
2, 3, 41, 223
List the prime factors of 7801.
29, 269
What are the prime factors of 10380?
2, 3, 5, 173
List the prime factors of 895.
5, 179
What are the prime factors of 7528?
2, 941
What are the prime factors of 3546?
2, 3, 197
List the prime factors of 48130.
2, 5, 4813
What are the prime factors of 1962?
2, 3, 109
What are the prime factors of 338?
2, 13
List the prime factors of 2078.
2, 1039
List the prime factors of 1743.
3, 7, 83
List the prime fac